 is divided by 15.
13
Let t be 6/27 - 626/(-18). Suppose -l - 3*c = -5*l + 113, 3*c = l - t. What is the remainder when l is divided by (-2)/5 - 720/(-50)?
12
Let k(y) be the third derivative of y**6/120 + y**5/12 + y**4/8 + y**3/2 - y**2. What is the remainder when (-6 - -30) + 7 - 1*-4 is divided by k(-3)?
11
Suppose 5*j - j = 40. Let t(d) = 8*d**2 + d - 4. Let w be t(-2). Suppose 0 = -5*p + 69 + w. What is the remainder when p is divided by j?
9
Suppose 17 = z - 105. What is the remainder when z is divided by 31?
29
Let i be 2 - (3 + -3) - -19. Suppose -i = 5*a - 101. What is the remainder when a is divided by (18/4)/(3/4)?
4
Let f(j) = 5*j**3 + 4*j**2 - 7*j - 1. Let h(o) = 6*o**3 + 3*o**2 - 7*o - 1. Let l(v) = 7*f(v) - 6*h(v). Calculate the remainder when l(5) is divided by 23.
20
Let r = -15 + 13. Let d = 15 - r. Calculate the remainder when 31 is divided by d.
14
Let i be (0 + 3)/6*-22. Let b(g) = g + 13. Let v be b(12). Let n = i + v. What is the remainder when n is divided by 4?
2
Let h(f) = 10*f**3 + f**2 - 2*f + 1. What is the remainder when h(1) is divided by 1 + (-1 + 2 - -1)?
1
Suppose -9*l + 262 = -125. Let w = -6 + 17. What is the remainder when l is divided by w?
10
Let f = -54 - -80. Calculate the remainder when 129 is divided by f.
25
Suppose -z - 14 = 4*d, -2*z - 2 = 3*d + 1. What is the remainder when z is divided by 4?
2
Suppose -l + 3*l + 64 = 2*g, 0 = 2*g + 4*l - 52. What is the remainder when g is divided by 17?
13
Let n(h) = 4*h**2 + 13*h + 9. Calculate the remainder when n(6) is divided by 29.
28
Suppose 0*g + 5*g + 85 = 0. Let w = g + 27. Calculate the remainder when w is divided by 6.
4
Let k(z) = -z**3 + 10*z**2 + 12*z + 26. Calculate the remainder when k(11) is divided by 10.
7
Suppose -d + 6 = k - 3, 0 = -5*d - k + 53. What is the remainder when 129 is divided by d?
8
Suppose 3*y - 8*y = 0. Let l(n) = -n + 17. What is the remainder when 33 is divided by l(y)?
16
Suppose 0 = -s - 5*n + 17, -2*s - 4*n + 64 = 3*s. Let i be (-1 - (2 + 3))/1. Let w(p) = p**2 + 2*p - 2. Calculate the remainder when w(i) is divided by s.
10
Let s be (-20)/(-6) - (-6)/9. Suppose s*k + 2*i - 46 = 0, 0 = -4*k - i + 6*i + 67. Calculate the remainder when 36 is divided by k.
10
Let t = -8 - -35. What is the remainder when t is divided by 8?
3
Let t(h) = -h**3 - 5*h**2 - 5*h + 3. What is the remainder when t(-5) is divided by 15?
13
What is the remainder when 15 is divided by 12/7 - (-2)/7?
1
Suppose u = -4*q - 4*u + 200, -2*u = 0. Suppose -g + q = -4*g + 4*n, 5*g - n + 106 = 0. Let j = -9 - g. Calculate the remainder when 25 is divided by j.
12
Let a(p) = p. Let g be a(-2). Calculate the remainder when ((-80)/6)/(g/6) is divided by 14.
12
Let y(o) = -o**2 - 6*o + 6. Let h be y(-6). Suppose 24 = h*m - 5*m. Calculate the remainder when m is divided by 5.
4
Let d be (1/3)/(1/6). Let o(h) = h + 0*h - d*h + 0*h - 2. What is the remainder when 2 is divided by o(-4)?
0
Let w = 1 - 11. Let s = w - -14. What is the remainder when s is divided by 3?
1
Let j be -8*((-5)/(-4))/(-5). Suppose 2 = j*a - 8. Calculate the remainder when a is divided by 4.
1
Suppose 0*j = j - 2, 4*k - 110 = -5*j. Calculate the remainder when 72 is divided by k.
22
Suppose -4*d + 80 = 4*f, 9 = -4*d + 2*f + 71. Suppose -7*u + 32 = -d. Calculate the remainder when 11 is divided by u.
4
Let p = -34 - -51. Calculate the remainder when p is divided by 5.
2
What is the remainder when (83 - (-5 - -4))/2 is divided by 9?
6
Let g(j) = j**2 + 3*j + 3. What is the remainder when (-56)/(-16)*16/14 is divided by g(-3)?
1
Let l(p) = -p**2 - p + 8. Let o be l(9). Let y = -59 - o. Suppose 3*r - 23 = 1. Calculate the remainder when y is divided by r.
7
Let l(r) = -r**3 + 7*r**2 - 6*r + 9. What is the remainder when l(6) is divided by (-2)/(8/5 - 2)?
4
Suppose -68 = -9*g + 5*g. What is the remainder when 33 is divided by g?
16
Let a(u) = -u**3 - 8*u**2 - 3*u - 9. Suppose -10*j = -5*j - 135. What is the remainder when j is divided by a(-8)?
12
Let k = 24 + -22. Suppose -4*o + 0*s = k*s - 72, 5*s = -4*o + 66. Calculate the remainder when o is divided by 7.
5
Let v = 53 - 16. What is the remainder when v is divided by 13?
11
Suppose 21 = -h + 2*a, h + 17 = -2*a - 8. Let v be -2 - (1 - (50 + 1)). Let d = h + v. Calculate the remainder when d is divided by 9.
7
Let z be 2*(-1)/2*0. Suppose -3*s - 7 + 37 = z. Calculate the remainder when 29 is divided by s.
9
Let r be -1*(1 - 0)*-55. Suppose 2*w + 42 = 3*v - 5*v, 2*w + 4*v + 38 = 0. Let n = w + r. Calculate the remainder when n is divided by 11.
10
Let y(h) = h**2 - 5*h + 5. Calculate the remainder when 14 is divided by y(5).
4
Suppose -25 = 5*x, -2*b - 5*x - 3 + 18 = 0. What is the remainder when b is divided by 7?
6
Let j(w) = -w**2 - 2*w + 3. Let f be j(-3). Let p = 51 + f. What is the remainder when p is divided by ((-6)/15)/((-7)/455)?
25
Let z(f) = -21*f + 2. Let q be z(-2). Let a be 0 - q*(-5 - 0). What is the remainder when 62 is divided by 10/35 - a/(-14)?
14
Let b(f) = -f**2 + 5*f + 8. Suppose -4*y + 2*y = -4*a + 8, 4*a = 4*y + 4. Calculate the remainder when a is divided by b(6).
1
Suppose 2*q = 7 - 153. Calculate the remainder when 40 is divided by q/(-5) - (-6)/(-10).
12
Let u = 1 + -2. Calculate the remainder when 15 is divided by (u - 1) + 2*5.
7
Suppose 35 = -3*p + 164. Calculate the remainder when p is divided by 11.
10
Suppose 0 = -5*s + 25, -3*q - 2*s = -1 - 33. Suppose -a + 19 = 2*j - 3*j, -3*a - 5*j + 89 = 0. What is the remainder when a is divided by q?
7
Let a be (-2)/(-3) + (-61)/(-3). Let q = a - -45. Calculate the remainder when q is divided by 17.
15
Suppose z + z - 6 = 0. Suppose -43 - 59 = -z*f. Calculate the remainder when f is divided by ((-14)/21)/((-2)/36).
10
Suppose 4 = -f + 3*f. Let c = -63 - -4. Calculate the remainder when -3*f/(-2) - c is divided by 21.
20
Let m(o) = -5*o**3 + o**2 + 4*o + 1. What is the remainder when m(-2) is divided by 13?
11
Suppose 603 = -2*u + 7*u - 2*g, 3*u - 4*g - 373 = 0. What is the remainder when u is divided by 20?
19
Let y = 191 + -159. Calculate the remainder when y is divided by 21.
11
Suppose 4*x = 2*x + 8. Suppose -82 = -2*f + x*j - 14, -5*j + 5 = 0. Calculate the remainder when f is divided by 19.
17
Calculate the remainder when 34 is divided by ((-4)/6)/((-10)/135).
7
Let p = 3 + -1. Suppose 2*d = 7*d - 10. Suppose 88 = p*q + d*q. Calculate the remainder when q is divided by 12.
10
Let a(f) = 4*f - 3. Calculate the remainder when 24 is divided by a(3).
6
Let y = -2 - -8. Calculate the remainder when 21 is divided by y.
3
Calculate the remainder when (-4)/14 - (-548)/7 is divided by 29.
20
Suppose 0 = -a - 0*a + 5. Suppose -a*n + 30 = -10. Calculate the remainder when (5/3)/(3/27) is divided by n.
7
Let x(g) = g**3 + 5*g**2 - 6*g + 7. Suppose 5*n - 5*c = -0*c, -4*n - 4*c - 40 = 0. What is the remainder when x(n) is divided by 10?
7
Suppose -5*r + 92 = 2*g - 27, 0 = -4*r - g + 97. Calculate the remainder when r is divided by 7.
4
Let b(d) = 3*d**2 - 6*d - 4. Let x be ((-10)/8)/((-1)/4). Calculate the remainder when b(x) is divided by 14.
13
Let x = 4 - -4. Suppose 0 = -2*f + 5*z - x, 0 = -3*f + 4*z - 5 - 0. What is the remainder when 30 - -2*f/2 is divided by 11?
9
Let p = 29 - 25. What is the remainder when 21 is divided by p?
1
Let n(q) = 2*q**2 + 8*q + 3. Let h be n(-5). Let g = h + -4. What is the remainder when 43 is divided by g?
7
Let h = 139 + -202. Let s = -44 - h. Let q(c) = -c**2 + 7*c. Calculate the remainder when s is divided by q(5).
9
Let b = -44 + 49. Calculate the remainder when 54 is divided by b.
4
Let u(q) = -q + 2. Let s be u(0). What is the remainder when (2/(-5))/(s/(-190)) is divided by 1/3 - (-38)/3?
12
Suppose 2*r = 3 + 3, 5*r - 70 = -5*u. Calculate the remainder when u is divided by 7.
4
Let m(k) = -6*k. Let j = 46 + 62. Let q = -74 + j. Calculate the remainder when q is divided by m(-2).
10
Suppose -n + 2*x = -32, -2*n - x + 61 = -4*x. Let k = 3 + n. Suppose 4*b = 2*r + 34, -2*b + 7*b - 35 = 5*r. Calculate the remainder when k is divided by b.
9
Suppose -b - 2*u + 33 = 8, b - 2*u = 17. What is the remainder when b is divided by 11?
10
Let c = -50 - -55. Let f(l) = 8*l + 2. Calculate the remainder when f(2) is divided by c.
3
Let o = -1 + 5. Suppo